{"id":497,"date":"2025-05-12T13:28:29","date_gmt":"2025-05-12T13:28:29","guid":{"rendered":"https:\/\/dev.egt.com.co\/ivin_elementor\/?page_id=497"},"modified":"2025-10-10T10:46:47","modified_gmt":"2025-10-10T15:46:47","slug":"blog","status":"publish","type":"page","link":"https:\/\/dev.egt.com.co\/ivin_elementor\/blog\/","title":{"rendered":"Blog"},"content":{"rendered":"\t\t<div data-elementor-type=\"wp-page\" data-elementor-id=\"497\" class=\"elementor elementor-497\" data-elementor-post-type=\"page\">\n\t\t\t\t<div class=\"elementor-element elementor-element-6c144db e-flex e-con-boxed e-con e-parent\" data-id=\"6c144db\" data-element_type=\"container\" data-settings=\"{&quot;background_background&quot;:&quot;classic&quot;}\">\n\t\t\t\t\t<div class=\"e-con-inner\">\n\t\t\t\t<div class=\"elementor-element elementor-element-7830522 elementor-widget elementor-widget-heading\" data-id=\"7830522\" data-element_type=\"widget\" data-widget_type=\"heading.default\">\n\t\t\t\t\t<h1 class=\"elementor-heading-title elementor-size-default\">Conoce m\u00e1s sobre el Coliving<\/h1>\t\t\t\t<\/div>\n\t\t\t\t<div class=\"elementor-element elementor-element-deae55b elementor-widget elementor-widget-heading\" data-id=\"deae55b\" data-element_type=\"widget\" data-widget_type=\"heading.default\">\n\t\t\t\t\t<h2 class=\"elementor-heading-title elementor-size-default\">y c\u00f3mo generar ingresos con renta flexible<\/h2>\t\t\t\t<\/div>\n\t\t\t\t\t<\/div>\n\t\t\t\t<\/div>\n\t\t<div class=\"elementor-element elementor-element-ba208bf e-flex e-con-boxed e-con e-parent\" data-id=\"ba208bf\" data-element_type=\"container\">\n\t\t\t\t\t<div class=\"e-con-inner\">\n\t\t\t\t<div class=\"elementor-element elementor-element-ca5fcc4 elementor-grid-3 elementor-grid-tablet-2 elementor-grid-mobile-1 elementor-posts--thumbnail-top elementor-widget elementor-widget-posts\" data-id=\"ca5fcc4\" data-element_type=\"widget\" data-settings=\"{&quot;pagination_type&quot;:&quot;numbers&quot;,&quot;classic_columns&quot;:&quot;3&quot;,&quot;classic_columns_tablet&quot;:&quot;2&quot;,&quot;classic_columns_mobile&quot;:&quot;1&quot;,&quot;classic_row_gap&quot;:{&quot;unit&quot;:&quot;px&quot;,&quot;size&quot;:35,&quot;sizes&quot;:[]},&quot;classic_row_gap_tablet&quot;:{&quot;unit&quot;:&quot;px&quot;,&quot;size&quot;:&quot;&quot;,&quot;sizes&quot;:[]},&quot;classic_row_gap_mobile&quot;:{&quot;unit&quot;:&quot;px&quot;,&quot;size&quot;:&quot;&quot;,&quot;sizes&quot;:[]}}\" data-widget_type=\"posts.classic\">\n\t\t\t\t<div class=\"elementor-widget-container\">\n\t\t\t\t\t\t\t<div class=\"elementor-posts-container elementor-posts elementor-posts--skin-classic elementor-grid\" role=\"list\">\n\t\t\t\t<article class=\"elementor-post elementor-grid-item post-2712 post type-post status-publish format-standard has-post-thumbnail hentry category-articulos\" role=\"listitem\">\n\t\t\t\t<a class=\"elementor-post__thumbnail__link\" href=\"https:\/\/dev.egt.com.co\/ivin_elementor\/blog\/es-rentable-comprar-un-apartamento-coliving-como-inversion-inmobiliaria\/\" tabindex=\"-1\" >\n\t\t\t<div class=\"elementor-post__thumbnail\"><img fetchpriority=\"high\" decoding=\"async\" width=\"237\" height=\"300\" src=\"https:\/\/dev.egt.com.co\/ivin_elementor\/wp-content\/uploads\/2026\/02\/Copy-of-IVIN-567-FACHADA-2-237x300.jpg\" class=\"attachment-medium size-medium wp-image-2733\" alt=\"Fachada IVIN 567\" srcset=\"https:\/\/dev.egt.com.co\/ivin_elementor\/wp-content\/uploads\/2026\/02\/Copy-of-IVIN-567-FACHADA-2-237x300.jpg 237w, https:\/\/dev.egt.com.co\/ivin_elementor\/wp-content\/uploads\/2026\/02\/Copy-of-IVIN-567-FACHADA-2-768x972.jpg 768w, https:\/\/dev.egt.com.co\/ivin_elementor\/wp-content\/uploads\/2026\/02\/Copy-of-IVIN-567-FACHADA-2-600x759.jpg 600w, https:\/\/dev.egt.com.co\/ivin_elementor\/wp-content\/uploads\/2026\/02\/Copy-of-IVIN-567-FACHADA-2.jpg 809w\" sizes=\"(max-width: 237px) 100vw, 237px\" \/><\/div>\n\t\t<\/a>\n\t\t\t\t<div class=\"elementor-post__text\">\n\t\t\t\t<h3 class=\"elementor-post__title\">\n\t\t\t<a href=\"https:\/\/dev.egt.com.co\/ivin_elementor\/blog\/es-rentable-comprar-un-apartamento-coliving-como-inversion-inmobiliaria\/\" >\n\t\t\t\t\u00bfEs rentable comprar un apartamento Coliving como inversi\u00f3n inmobiliaria?\t\t\t<\/a>\n\t\t<\/h3>\n\t\t\t\t<div class=\"elementor-post__meta-data\">\n\t\t\t\t\t<span class=\"elementor-post-date\">\n\t\t\tfebrero 26, 2026\t\t<\/span>\n\t\t\t\t<\/div>\n\t\t\t\t<div class=\"elementor-post__excerpt\">\n\t\t\t<p>La estabilidad y el crecimiento sostenido del mercado inmobiliario, incluso en escenarios de incertidumbre econ\u00f3mica o cambios de gobierno, han consolidado a los bienes ra\u00edces<\/p>\n\t\t<\/div>\n\t\t\n\t\t<a class=\"elementor-post__read-more\" href=\"https:\/\/dev.egt.com.co\/ivin_elementor\/blog\/es-rentable-comprar-un-apartamento-coliving-como-inversion-inmobiliaria\/\" aria-label=\"Read more about \u00bfEs rentable comprar un apartamento Coliving como inversi\u00f3n inmobiliaria?\" tabindex=\"-1\" >\n\t\t\tLeer m\u00e1s \u00bb\t\t<\/a>\n\n\t\t\t\t<\/div>\n\t\t\t\t<\/article>\n\t\t\t\t<article class=\"elementor-post elementor-grid-item post-2700 post type-post status-publish format-standard has-post-thumbnail hentry category-articulos\" role=\"listitem\">\n\t\t\t\t<a class=\"elementor-post__thumbnail__link\" href=\"https:\/\/dev.egt.com.co\/ivin_elementor\/blog\/por-que-un-apartamento-coliving-es-tu-mejor-inversion-inmobiliaria-para-este-2026\/\" tabindex=\"-1\" >\n\t\t\t<div class=\"elementor-post__thumbnail\"><img decoding=\"async\" width=\"300\" height=\"181\" src=\"https:\/\/dev.egt.com.co\/ivin_elementor\/wp-content\/uploads\/2026\/01\/Apartamento-Coliving-en-Bogota-300x181.jpg\" class=\"attachment-medium size-medium wp-image-2702\" alt=\"Apartamento Coliving en Bogot\u00e1 como mejor opci\u00f3n\" srcset=\"https:\/\/dev.egt.com.co\/ivin_elementor\/wp-content\/uploads\/2026\/01\/Apartamento-Coliving-en-Bogota-300x181.jpg 300w, https:\/\/dev.egt.com.co\/ivin_elementor\/wp-content\/uploads\/2026\/01\/Apartamento-Coliving-en-Bogota-600x363.jpg 600w, https:\/\/dev.egt.com.co\/ivin_elementor\/wp-content\/uploads\/2026\/01\/Apartamento-Coliving-en-Bogota.jpg 768w\" sizes=\"(max-width: 300px) 100vw, 300px\" \/><\/div>\n\t\t<\/a>\n\t\t\t\t<div class=\"elementor-post__text\">\n\t\t\t\t<h3 class=\"elementor-post__title\">\n\t\t\t<a href=\"https:\/\/dev.egt.com.co\/ivin_elementor\/blog\/por-que-un-apartamento-coliving-es-tu-mejor-inversion-inmobiliaria-para-este-2026\/\" >\n\t\t\t\t\u00bfPor qu\u00e9 un apartamento coliving es tu mejor inversi\u00f3n inmobiliaria para este 2026?\t\t\t<\/a>\n\t\t<\/h3>\n\t\t\t\t<div class=\"elementor-post__meta-data\">\n\t\t\t\t\t<span class=\"elementor-post-date\">\n\t\t\tenero 6, 2026\t\t<\/span>\n\t\t\t\t<\/div>\n\t\t\t\t<div class=\"elementor-post__excerpt\">\n\t\t\t<p>Hace unos a\u00f1os comprar un apartamento Coliving en Colombia era una apuesta, hoy es una inversi\u00f3n con gran rentabilidad. El \u00e9xito de este modelo de<\/p>\n\t\t<\/div>\n\t\t\n\t\t<a class=\"elementor-post__read-more\" href=\"https:\/\/dev.egt.com.co\/ivin_elementor\/blog\/por-que-un-apartamento-coliving-es-tu-mejor-inversion-inmobiliaria-para-este-2026\/\" aria-label=\"Read more about \u00bfPor qu\u00e9 un apartamento coliving es tu mejor inversi\u00f3n inmobiliaria para este 2026?\" tabindex=\"-1\" >\n\t\t\tLeer m\u00e1s \u00bb\t\t<\/a>\n\n\t\t\t\t<\/div>\n\t\t\t\t<\/article>\n\t\t\t\t<article class=\"elementor-post elementor-grid-item post-1793 post type-post status-publish format-standard has-post-thumbnail hentry category-articulos\" role=\"listitem\">\n\t\t\t\t<a class=\"elementor-post__thumbnail__link\" href=\"https:\/\/dev.egt.com.co\/ivin_elementor\/blog\/por-que-invertir-coliving\/\" tabindex=\"-1\" >\n\t\t\t<div class=\"elementor-post__thumbnail\"><img decoding=\"async\" width=\"300\" height=\"166\" src=\"https:\/\/dev.egt.com.co\/ivin_elementor\/wp-content\/uploads\/2022\/04\/ivin-blog.por-que-invertir-coliving-300x166.jpg\" class=\"attachment-medium size-medium wp-image-1794\" alt=\"Invertir en coliving\" srcset=\"https:\/\/dev.egt.com.co\/ivin_elementor\/wp-content\/uploads\/2022\/04\/ivin-blog.por-que-invertir-coliving-300x166.jpg 300w, https:\/\/dev.egt.com.co\/ivin_elementor\/wp-content\/uploads\/2022\/04\/ivin-blog.por-que-invertir-coliving-1024x566.jpg 1024w, https:\/\/dev.egt.com.co\/ivin_elementor\/wp-content\/uploads\/2022\/04\/ivin-blog.por-que-invertir-coliving-768x424.jpg 768w, https:\/\/dev.egt.com.co\/ivin_elementor\/wp-content\/uploads\/2022\/04\/ivin-blog.por-que-invertir-coliving-600x332.jpg 600w, https:\/\/dev.egt.com.co\/ivin_elementor\/wp-content\/uploads\/2022\/04\/ivin-blog.por-que-invertir-coliving.jpg 1357w\" sizes=\"(max-width: 300px) 100vw, 300px\" \/><\/div>\n\t\t<\/a>\n\t\t\t\t<div class=\"elementor-post__text\">\n\t\t\t\t<h3 class=\"elementor-post__title\">\n\t\t\t<a href=\"https:\/\/dev.egt.com.co\/ivin_elementor\/blog\/por-que-invertir-coliving\/\" >\n\t\t\t\tPor qu\u00e9 invertir en coliving\t\t\t<\/a>\n\t\t<\/h3>\n\t\t\t\t<div class=\"elementor-post__meta-data\">\n\t\t\t\t\t<span class=\"elementor-post-date\">\n\t\t\tabril 1, 2022\t\t<\/span>\n\t\t\t\t<\/div>\n\t\t\t\t<div class=\"elementor-post__excerpt\">\n\t\t\t<p>Te contamos algunas razones de por qu\u00e9 invertir en coliving y qu\u00e9 lo hace una opci\u00f3n segura para que ganes rentabilidad. Entra aqu\u00ed. <\/p>\n\t\t<\/div>\n\t\t\n\t\t<a class=\"elementor-post__read-more\" href=\"https:\/\/dev.egt.com.co\/ivin_elementor\/blog\/por-que-invertir-coliving\/\" aria-label=\"Read more about Por qu\u00e9 invertir en coliving\" tabindex=\"-1\" >\n\t\t\tLeer m\u00e1s \u00bb\t\t<\/a>\n\n\t\t\t\t<\/div>\n\t\t\t\t<\/article>\n\t\t\t\t<article class=\"elementor-post elementor-grid-item post-1788 post type-post status-publish format-standard has-post-thumbnail hentry category-articulos\" role=\"listitem\">\n\t\t\t\t<a class=\"elementor-post__thumbnail__link\" href=\"https:\/\/dev.egt.com.co\/ivin_elementor\/blog\/viviendas-turisticas-ventajas\/\" tabindex=\"-1\" >\n\t\t\t<div class=\"elementor-post__thumbnail\"><img loading=\"lazy\" decoding=\"async\" width=\"300\" height=\"166\" src=\"https:\/\/dev.egt.com.co\/ivin_elementor\/wp-content\/uploads\/2022\/04\/ivin-blog-ventajas-viviendas-turisticas-300x166.jpg\" class=\"attachment-medium size-medium wp-image-1790\" alt=\"Viviendas tur\u00edsticas\" srcset=\"https:\/\/dev.egt.com.co\/ivin_elementor\/wp-content\/uploads\/2022\/04\/ivin-blog-ventajas-viviendas-turisticas-300x166.jpg 300w, https:\/\/dev.egt.com.co\/ivin_elementor\/wp-content\/uploads\/2022\/04\/ivin-blog-ventajas-viviendas-turisticas-1024x567.jpg 1024w, https:\/\/dev.egt.com.co\/ivin_elementor\/wp-content\/uploads\/2022\/04\/ivin-blog-ventajas-viviendas-turisticas-768x425.jpg 768w, https:\/\/dev.egt.com.co\/ivin_elementor\/wp-content\/uploads\/2022\/04\/ivin-blog-ventajas-viviendas-turisticas-600x332.jpg 600w, https:\/\/dev.egt.com.co\/ivin_elementor\/wp-content\/uploads\/2022\/04\/ivin-blog-ventajas-viviendas-turisticas.jpg 1357w\" sizes=\"(max-width: 300px) 100vw, 300px\" \/><\/div>\n\t\t<\/a>\n\t\t\t\t<div class=\"elementor-post__text\">\n\t\t\t\t<h3 class=\"elementor-post__title\">\n\t\t\t<a href=\"https:\/\/dev.egt.com.co\/ivin_elementor\/blog\/viviendas-turisticas-ventajas\/\" >\n\t\t\t\t12 ventajas de las viviendas tur\u00edsticas\t\t\t<\/a>\n\t\t<\/h3>\n\t\t\t\t<div class=\"elementor-post__meta-data\">\n\t\t\t\t\t<span class=\"elementor-post-date\">\n\t\t\tabril 1, 2022\t\t<\/span>\n\t\t\t\t<\/div>\n\t\t\t\t<div class=\"elementor-post__excerpt\">\n\t\t\t<p>Conoce las principales ventajas de comprar o alquilar una vivienda tur\u00edstica. Este tipo de vivienda cuenta con m\u00faltiples beneficios tanto para su propietario como para su usuario. <\/p>\n\t\t<\/div>\n\t\t\n\t\t<a class=\"elementor-post__read-more\" href=\"https:\/\/dev.egt.com.co\/ivin_elementor\/blog\/viviendas-turisticas-ventajas\/\" aria-label=\"Read more about 12 ventajas de las viviendas tur\u00edsticas\" tabindex=\"-1\" >\n\t\t\tLeer m\u00e1s \u00bb\t\t<\/a>\n\n\t\t\t\t<\/div>\n\t\t\t\t<\/article>\n\t\t\t\t<article class=\"elementor-post elementor-grid-item post-1782 post type-post status-publish format-standard has-post-thumbnail hentry category-articulos\" role=\"listitem\">\n\t\t\t\t<a class=\"elementor-post__thumbnail__link\" href=\"https:\/\/dev.egt.com.co\/ivin_elementor\/blog\/espacio-coworking\/\" tabindex=\"-1\" >\n\t\t\t<div class=\"elementor-post__thumbnail\"><img loading=\"lazy\" decoding=\"async\" width=\"300\" height=\"166\" src=\"https:\/\/dev.egt.com.co\/ivin_elementor\/wp-content\/uploads\/2022\/04\/ivin-blog-espacio-coworking-300x166.jpg\" class=\"attachment-medium size-medium wp-image-1784\" alt=\"Espacio de coworking\" srcset=\"https:\/\/dev.egt.com.co\/ivin_elementor\/wp-content\/uploads\/2022\/04\/ivin-blog-espacio-coworking-300x166.jpg 300w, https:\/\/dev.egt.com.co\/ivin_elementor\/wp-content\/uploads\/2022\/04\/ivin-blog-espacio-coworking-1024x566.jpg 1024w, https:\/\/dev.egt.com.co\/ivin_elementor\/wp-content\/uploads\/2022\/04\/ivin-blog-espacio-coworking-768x424.jpg 768w, https:\/\/dev.egt.com.co\/ivin_elementor\/wp-content\/uploads\/2022\/04\/ivin-blog-espacio-coworking-600x332.jpg 600w, https:\/\/dev.egt.com.co\/ivin_elementor\/wp-content\/uploads\/2022\/04\/ivin-blog-espacio-coworking.jpg 1357w\" sizes=\"(max-width: 300px) 100vw, 300px\" \/><\/div>\n\t\t<\/a>\n\t\t\t\t<div class=\"elementor-post__text\">\n\t\t\t\t<h3 class=\"elementor-post__title\">\n\t\t\t<a href=\"https:\/\/dev.egt.com.co\/ivin_elementor\/blog\/espacio-coworking\/\" >\n\t\t\t\tC\u00f3mo es el espacio de coworking en IVIN 567\t\t\t<\/a>\n\t\t<\/h3>\n\t\t\t\t<div class=\"elementor-post__meta-data\">\n\t\t\t\t\t<span class=\"elementor-post-date\">\n\t\t\tabril 1, 2022\t\t<\/span>\n\t\t\t\t<\/div>\n\t\t\t\t<div class=\"elementor-post__excerpt\">\n\t\t\t<p>Conoce c\u00f3mo es el espacio de coworking en IVIN 567 y qu\u00e9 ventajas ofrece dentro de este proyecto.<\/p>\n\t\t<\/div>\n\t\t\n\t\t<a class=\"elementor-post__read-more\" href=\"https:\/\/dev.egt.com.co\/ivin_elementor\/blog\/espacio-coworking\/\" aria-label=\"Read more about C\u00f3mo es el espacio de coworking en IVIN 567\" tabindex=\"-1\" >\n\t\t\tLeer m\u00e1s \u00bb\t\t<\/a>\n\n\t\t\t\t<\/div>\n\t\t\t\t<\/article>\n\t\t\t\t<article class=\"elementor-post elementor-grid-item post-1746 post type-post status-publish format-standard has-post-thumbnail hentry category-articulos\" role=\"listitem\">\n\t\t\t\t<a class=\"elementor-post__thumbnail__link\" href=\"https:\/\/dev.egt.com.co\/ivin_elementor\/blog\/ideas-decorar-banos\/\" tabindex=\"-1\" >\n\t\t\t<div class=\"elementor-post__thumbnail\"><img loading=\"lazy\" decoding=\"async\" width=\"300\" height=\"166\" src=\"https:\/\/dev.egt.com.co\/ivin_elementor\/wp-content\/uploads\/2022\/03\/ivin-blog-ideas-decorar-banos-300x166.jpg\" class=\"attachment-medium size-medium wp-image-1747\" alt=\"Ideas para decorar ba\u00f1os\" srcset=\"https:\/\/dev.egt.com.co\/ivin_elementor\/wp-content\/uploads\/2022\/03\/ivin-blog-ideas-decorar-banos-300x166.jpg 300w, https:\/\/dev.egt.com.co\/ivin_elementor\/wp-content\/uploads\/2022\/03\/ivin-blog-ideas-decorar-banos-1024x566.jpg 1024w, https:\/\/dev.egt.com.co\/ivin_elementor\/wp-content\/uploads\/2022\/03\/ivin-blog-ideas-decorar-banos-768x424.jpg 768w, https:\/\/dev.egt.com.co\/ivin_elementor\/wp-content\/uploads\/2022\/03\/ivin-blog-ideas-decorar-banos-600x332.jpg 600w, https:\/\/dev.egt.com.co\/ivin_elementor\/wp-content\/uploads\/2022\/03\/ivin-blog-ideas-decorar-banos.jpg 1357w\" sizes=\"(max-width: 300px) 100vw, 300px\" \/><\/div>\n\t\t<\/a>\n\t\t\t\t<div class=\"elementor-post__text\">\n\t\t\t\t<h3 class=\"elementor-post__title\">\n\t\t\t<a href=\"https:\/\/dev.egt.com.co\/ivin_elementor\/blog\/ideas-decorar-banos\/\" >\n\t\t\t\t5 ideas para decorar ba\u00f1os\t\t\t<\/a>\n\t\t<\/h3>\n\t\t\t\t<div class=\"elementor-post__meta-data\">\n\t\t\t\t\t<span class=\"elementor-post-date\">\n\t\t\tmarzo 10, 2022\t\t<\/span>\n\t\t\t\t<\/div>\n\t\t\t\t<div class=\"elementor-post__excerpt\">\n\t\t\t<p>Estas 5 ideas para decorar ba\u00f1os te pueden sacar de apuros. Aqu\u00ed te damos algunos consejos de decoraci\u00f3n para aplicarlos en este lugar de tu vivienda. <\/p>\n\t\t<\/div>\n\t\t\n\t\t<a class=\"elementor-post__read-more\" href=\"https:\/\/dev.egt.com.co\/ivin_elementor\/blog\/ideas-decorar-banos\/\" aria-label=\"Read more about 5 ideas para decorar ba\u00f1os\" tabindex=\"-1\" >\n\t\t\tLeer m\u00e1s \u00bb\t\t<\/a>\n\n\t\t\t\t<\/div>\n\t\t\t\t<\/article>\n\t\t\t\t<\/div>\n\t\t\n\t\t\t\t<div class=\"e-load-more-anchor\" data-page=\"1\" data-max-page=\"9\" data-next-page=\"https:\/\/dev.egt.com.co\/ivin_elementor\/wp-json\/wp\/v2\/pages\/497\/page\/2\/\"><\/div>\n\t\t\t\t<nav class=\"elementor-pagination\" aria-label=\"Pagination\">\n\t\t\t<span aria-current=\"page\" class=\"page-numbers current\"><span class=\"elementor-screen-only\">Page<\/span>1<\/span>\n<a class=\"page-numbers\" href=\"https:\/\/dev.egt.com.co\/ivin_elementor\/wp-json\/wp\/v2\/pages\/497\/page\/2\/\"><span class=\"elementor-screen-only\">Page<\/span>2<\/a>\n<a class=\"page-numbers\" href=\"https:\/\/dev.egt.com.co\/ivin_elementor\/wp-json\/wp\/v2\/pages\/497\/page\/3\/\"><span class=\"elementor-screen-only\">Page<\/span>3<\/a>\n<a class=\"page-numbers\" href=\"https:\/\/dev.egt.com.co\/ivin_elementor\/wp-json\/wp\/v2\/pages\/497\/page\/4\/\"><span class=\"elementor-screen-only\">Page<\/span>4<\/a>\n<a class=\"page-numbers\" href=\"https:\/\/dev.egt.com.co\/ivin_elementor\/wp-json\/wp\/v2\/pages\/497\/page\/5\/\"><span class=\"elementor-screen-only\">Page<\/span>5<\/a>\n<a class=\"page-numbers\" href=\"https:\/\/dev.egt.com.co\/ivin_elementor\/wp-json\/wp\/v2\/pages\/497\/page\/6\/\"><span class=\"elementor-screen-only\">Page<\/span>6<\/a>\n<a class=\"page-numbers\" href=\"https:\/\/dev.egt.com.co\/ivin_elementor\/wp-json\/wp\/v2\/pages\/497\/page\/7\/\"><span class=\"elementor-screen-only\">Page<\/span>7<\/a>\n<a class=\"page-numbers\" href=\"https:\/\/dev.egt.com.co\/ivin_elementor\/wp-json\/wp\/v2\/pages\/497\/page\/8\/\"><span class=\"elementor-screen-only\">Page<\/span>8<\/a>\n<a class=\"page-numbers\" href=\"https:\/\/dev.egt.com.co\/ivin_elementor\/wp-json\/wp\/v2\/pages\/497\/page\/9\/\"><span class=\"elementor-screen-only\">Page<\/span>9<\/a>\t\t<\/nav>\n\t\t\t\t\t\t<\/div>\n\t\t\t\t<\/div>\n\t\t\t\t\t<\/div>\n\t\t\t\t<\/div>\n\t\t\t\t<\/div>\n\t\t","protected":false},"excerpt":{"rendered":"<p>Conoce m\u00e1s sobre el Coliving y c\u00f3mo generar ingresos con renta flexible<\/p>\n","protected":false},"author":1,"featured_media":0,"parent":0,"menu_order":0,"comment_status":"closed","ping_status":"closed","template":"","meta":{"_acf_changed":false,"footnotes":""},"class_list":["post-497","page","type-page","status-publish","hentry"],"acf":[],"_links":{"self":[{"href":"https:\/\/dev.egt.com.co\/ivin_elementor\/wp-json\/wp\/v2\/pages\/497","targetHints":{"allow":["GET"]}}],"collection":[{"href":"https:\/\/dev.egt.com.co\/ivin_elementor\/wp-json\/wp\/v2\/pages"}],"about":[{"href":"https:\/\/dev.egt.com.co\/ivin_elementor\/wp-json\/wp\/v2\/types\/page"}],"author":[{"embeddable":true,"href":"https:\/\/dev.egt.com.co\/ivin_elementor\/wp-json\/wp\/v2\/users\/1"}],"replies":[{"embeddable":true,"href":"https:\/\/dev.egt.com.co\/ivin_elementor\/wp-json\/wp\/v2\/comments?post=497"}],"version-history":[{"count":28,"href":"https:\/\/dev.egt.com.co\/ivin_elementor\/wp-json\/wp\/v2\/pages\/497\/revisions"}],"predecessor-version":[{"id":2363,"href":"https:\/\/dev.egt.com.co\/ivin_elementor\/wp-json\/wp\/v2\/pages\/497\/revisions\/2363"}],"wp:attachment":[{"href":"https:\/\/dev.egt.com.co\/ivin_elementor\/wp-json\/wp\/v2\/media?parent=497"}],"curies":[{"name":"wp","href":"https:\/\/api.w.org\/{rel}","templated":true}]}}