{"id":361,"date":"2025-01-27T18:58:51","date_gmt":"2025-01-27T18:58:51","guid":{"rendered":"https:\/\/dev.egt.com.co\/ivin_elementor\/?post_type=product&#038;p=361"},"modified":"2025-10-13T12:38:34","modified_gmt":"2025-10-13T17:38:34","slug":"ivin-567","status":"publish","type":"product","link":"https:\/\/dev.egt.com.co\/ivin_elementor\/proyecto\/ivin-567\/","title":{"rendered":"IVIN 567"},"content":{"rendered":"\t\t<div data-elementor-type=\"product-post\" data-elementor-id=\"361\" class=\"elementor elementor-361\" data-elementor-post-type=\"product\">\n\t\t\t\t<div class=\"elementor-element elementor-element-174ddde e-flex e-con-boxed e-con e-parent\" data-id=\"174ddde\" data-element_type=\"container\">\n\t\t\t\t\t<div class=\"e-con-inner\">\n\t\t<div class=\"elementor-element elementor-element-6091585 e-con-full e-flex e-con e-child\" data-id=\"6091585\" data-element_type=\"container\">\n\t\t<div class=\"elementor-element elementor-element-5583626 e-con-full e-flex e-con e-child\" data-id=\"5583626\" data-element_type=\"container\" data-settings=\"{&quot;background_background&quot;:&quot;classic&quot;}\">\n\t\t\t\t<div class=\"elementor-element elementor-element-a457127 elementor-view-default elementor-position-block-start elementor-mobile-position-block-start elementor-widget elementor-widget-icon-box\" data-id=\"a457127\" data-element_type=\"widget\" data-widget_type=\"icon-box.default\">\n\t\t\t\t\t\t\t<div class=\"elementor-icon-box-wrapper\">\n\n\t\t\t\t\t\t<div class=\"elementor-icon-box-icon\">\n\t\t\t\t<span  class=\"elementor-icon\">\n\t\t\t\t<svg aria-hidden=\"true\" class=\"e-font-icon-svg e-fas-map-marker-alt\" viewBox=\"0 0 384 512\" xmlns=\"http:\/\/www.w3.org\/2000\/svg\"><path d=\"M172.268 501.67C26.97 291.031 0 269.413 0 192 0 85.961 85.961 0 192 0s192 85.961 192 192c0 77.413-26.97 99.031-172.268 309.67-9.535 13.774-29.93 13.773-39.464 0zM192 272c44.183 0 80-35.817 80-80s-35.817-80-80-80-80 35.817-80 80 35.817 80 80 80z\"><\/path><\/svg>\t\t\t\t<\/span>\n\t\t\t<\/div>\n\t\t\t\n\t\t\t\t\t\t<div class=\"elementor-icon-box-content\">\n\n\t\t\t\t\t\t\t\t\t<h3 class=\"elementor-icon-box-title\">\n\t\t\t\t\t\t<span  >\n\t\t\t\t\t\t\tUbicaci\u00f3n\t\t\t\t\t\t<\/span>\n\t\t\t\t\t<\/h3>\n\t\t\t\t\n\t\t\t\t\t\t\t\t\t<p class=\"elementor-icon-box-description\">\n\t\t\t\t\t\tCl. 56 #7- 36, Bogot\u00e1, Colombia\t\t\t\t\t<\/p>\n\t\t\t\t\n\t\t\t<\/div>\n\t\t\t\n\t\t<\/div>\n\t\t\t\t\t\t<\/div>\n\t\t\t\t<\/div>\n\t\t<div class=\"elementor-element elementor-element-65e0912 e-con-full e-flex e-con e-child\" data-id=\"65e0912\" data-element_type=\"container\" data-settings=\"{&quot;background_background&quot;:&quot;classic&quot;}\">\n\t\t\t\t<div class=\"elementor-element elementor-element-89eaea0 elementor-view-default elementor-position-block-start elementor-mobile-position-block-start elementor-widget elementor-widget-icon-box\" data-id=\"89eaea0\" data-element_type=\"widget\" data-widget_type=\"icon-box.default\">\n\t\t\t\t\t\t\t<div class=\"elementor-icon-box-wrapper\">\n\n\t\t\t\t\t\t<div class=\"elementor-icon-box-icon\">\n\t\t\t\t<span  class=\"elementor-icon\">\n\t\t\t\t<i aria-hidden=\"true\" class=\"icon icon-ico-fiducia\"><\/i>\t\t\t\t<\/span>\n\t\t\t<\/div>\n\t\t\t\n\t\t\t\t\t\t<div class=\"elementor-icon-box-content\">\n\n\t\t\t\t\t\t\t\t\t<h3 class=\"elementor-icon-box-title\">\n\t\t\t\t\t\t<span  >\n\t\t\t\t\t\t\tFiducia\t\t\t\t\t\t<\/span>\n\t\t\t\t\t<\/h3>\n\t\t\t\t\n\t\t\t\t\t\t\t\t\t<p class=\"elementor-icon-box-description\">\n\t\t\t\t\t\tBanco de Bogot\u00e1\t\t\t\t\t<\/p>\n\t\t\t\t\n\t\t\t<\/div>\n\t\t\t\n\t\t<\/div>\n\t\t\t\t\t\t<\/div>\n\t\t\t\t<\/div>\n\t\t<div class=\"elementor-element elementor-element-821747c e-con-full e-flex e-con e-child\" data-id=\"821747c\" data-element_type=\"container\" data-settings=\"{&quot;background_background&quot;:&quot;classic&quot;}\">\n\t\t\t\t<div class=\"elementor-element elementor-element-f98a492 elementor-view-default elementor-position-block-start elementor-mobile-position-block-start elementor-widget elementor-widget-icon-box\" data-id=\"f98a492\" data-element_type=\"widget\" data-widget_type=\"icon-box.default\">\n\t\t\t\t\t\t\t<div class=\"elementor-icon-box-wrapper\">\n\n\t\t\t\t\t\t<div class=\"elementor-icon-box-icon\">\n\t\t\t\t<span  class=\"elementor-icon\">\n\t\t\t\t<i aria-hidden=\"true\" class=\"icon icon-ico-ventas\"><\/i>\t\t\t\t<\/span>\n\t\t\t<\/div>\n\t\t\t\n\t\t\t\t\t\t<div class=\"elementor-icon-box-content\">\n\n\t\t\t\t\t\t\t\t\t<h3 class=\"elementor-icon-box-title\">\n\t\t\t\t\t\t<span  >\n\t\t\t\t\t\t\tPorcentaje de ventas\t\t\t\t\t\t<\/span>\n\t\t\t\t\t<\/h3>\n\t\t\t\t\n\t\t\t\t\t\t\t\t\t<p class=\"elementor-icon-box-description\">\n\t\t\t\t\t\t 95%\t\t\t\t\t<\/p>\n\t\t\t\t\n\t\t\t<\/div>\n\t\t\t\n\t\t<\/div>\n\t\t\t\t\t\t<\/div>\n\t\t\t\t<\/div>\n\t\t<div class=\"elementor-element elementor-element-9974261 e-con-full e-flex e-con e-child\" data-id=\"9974261\" data-element_type=\"container\" data-settings=\"{&quot;background_background&quot;:&quot;classic&quot;}\">\n\t\t\t\t<div class=\"elementor-element elementor-element-bcfe844 elementor-view-default elementor-position-block-start elementor-mobile-position-block-start elementor-widget elementor-widget-icon-box\" data-id=\"bcfe844\" data-element_type=\"widget\" data-widget_type=\"icon-box.default\">\n\t\t\t\t\t\t\t<div class=\"elementor-icon-box-wrapper\">\n\n\t\t\t\t\t\t<div class=\"elementor-icon-box-icon\">\n\t\t\t\t<span  class=\"elementor-icon\">\n\t\t\t\t<i aria-hidden=\"true\" class=\"icon icon-ico-obra\"><\/i>\t\t\t\t<\/span>\n\t\t\t<\/div>\n\t\t\t\n\t\t\t\t\t\t<div class=\"elementor-icon-box-content\">\n\n\t\t\t\t\t\t\t\t\t<h3 class=\"elementor-icon-box-title\">\n\t\t\t\t\t\t<span  >\n\t\t\t\t\t\t\tAvance de obra\t\t\t\t\t\t<\/span>\n\t\t\t\t\t<\/h3>\n\t\t\t\t\n\t\t\t\t\t\t\t\t\t<p class=\"elementor-icon-box-description\">\n\t\t\t\t\t\tEntregado\t\t\t\t\t<\/p>\n\t\t\t\t\n\t\t\t<\/div>\n\t\t\t\n\t\t<\/div>\n\t\t\t\t\t\t<\/div>\n\t\t\t\t<\/div>\n\t\t\t\t<\/div>\n\t\t<div class=\"elementor-element elementor-element-8d4513f e-con-full e-flex e-con e-child\" data-id=\"8d4513f\" data-element_type=\"container\" data-settings=\"{&quot;background_background&quot;:&quot;classic&quot;}\">\n\t\t\t\t<div class=\"elementor-element elementor-element-b370d6b elementor-widget elementor-widget-heading\" data-id=\"b370d6b\" data-element_type=\"widget\" data-widget_type=\"heading.default\">\n\t\t\t\t\t<h2 class=\"elementor-heading-title elementor-size-default\">Zonas comunes<\/h2>\t\t\t\t<\/div>\n\t\t\t\t<div class=\"elementor-element elementor-element-2613708 elementor-widget elementor-widget-text-editor\" data-id=\"2613708\" data-element_type=\"widget\" data-widget_type=\"text-editor.default\">\n\t\t\t\t\t\t\t\t\t<div class=\"wpb_text_column wpb_content_element\"><div class=\"wpb_wrapper\"><ul><li>Sala de Co-working<\/li><li>Sala de reuni\u00f3n<\/li><li>Cervecer\u00eda artesanal<\/li><li>Cocinas comunales<\/li><li>Cafe bar<\/li><li>Terraza cultural<\/li><li>Lavander\u00eda comunal<\/li><\/ul><\/div><\/div>\t\t\t\t\t\t\t\t<\/div>\n\t\t\t\t<\/div>\n\t\t\t\t\t<\/div>\n\t\t\t\t<\/div>\n\t\t<div class=\"elementor-element elementor-element-e72bbef e-flex e-con-boxed e-con e-parent\" data-id=\"e72bbef\" data-element_type=\"container\">\n\t\t\t\t\t<div class=\"e-con-inner\">\n\t\t\t\t<div class=\"elementor-element elementor-element-16a8692 elementor-widget elementor-widget-heading\" data-id=\"16a8692\" data-element_type=\"widget\" data-widget_type=\"heading.default\">\n\t\t\t\t\t<h2 class=\"elementor-heading-title elementor-size-default\">Puntos de inter\u00e9s<\/h2>\t\t\t\t<\/div>\n\t\t\t\t<div class=\"elementor-element elementor-element-9c218b8 elementor-widget elementor-widget-text-editor\" data-id=\"9c218b8\" data-element_type=\"widget\" data-widget_type=\"text-editor.default\">\n\t\t\t\t\t\t\t\t\t<p>IVIN 567 cuenta con una ubicaci\u00f3n privilegiada que le hace estar cerca de lugares ic\u00f3nicos de la ciudad como el Centro Hist\u00f3rico, la Zona Rosa y la Zona G. Chapinero cuenta con un amplio abanico de opciones de entretenimiento y cultural.<\/p><p>Puntos de inter\u00e9s como universidades (Universidad de la Salle), hospitales (Hospital Militar) o parques (Parque de los Hippies) se encuentran a menos de 15 minutos caminando<\/p>\t\t\t\t\t\t\t\t<\/div>\n\t\t\t\t<div class=\"elementor-element elementor-element-3c0e91f elementor-widget elementor-widget-html\" data-id=\"3c0e91f\" data-element_type=\"widget\" data-widget_type=\"html.default\">\n\t\t\t\t\t<iframe src=\"https:\/\/www.google.com\/maps\/d\/u\/1\/embed?mid=19Ar3U8u-5o3J7h9hfIS0v0ctaTYrL6I&ehbc=2E312F&noprof=1\" width=\"640\" height=\"480\"><\/iframe>\t\t\t\t<\/div>\n\t\t\t\t\t<\/div>\n\t\t\t\t<\/div>\n\t\t\t\t<\/div>\n\t\t","protected":false},"excerpt":{"rendered":"<p>&nbsp; Ubicaci\u00f3n Cl. 56 #7- 36, Bogot\u00e1, Colombia Fiducia Banco de Bogot\u00e1 Porcentaje de ventas 95% Avance de obra Entregado Zonas comunes Sala de Co-working Sala de reuni\u00f3n Cervecer\u00eda artesanal Cocinas comunales Cafe bar Terraza cultural Lavander\u00eda comunal Puntos de inter\u00e9s IVIN 567 cuenta con una ubicaci\u00f3n privilegiada que le hace estar cerca de lugares [&hellip;]<\/p>\n","protected":false},"featured_media":534,"template":"","meta":{"_acf_changed":false},"product_brand":[],"product_cat":[16],"product_tag":[],"class_list":{"0":"post-361","1":"product","2":"type-product","3":"status-publish","4":"has-post-thumbnail","6":"product_cat-sin-categorizar","8":"first","9":"instock","10":"shipping-taxable","11":"purchasable","12":"product-type-simple"},"acf":{"photo_gallery":{"imagenes":[[{"id":2160,"title":"Copy of IVIN 567 - FACHADA","caption":"","full_image_url":"https:\/\/dev.egt.com.co\/ivin_elementor\/wp-content\/uploads\/2025\/01\/Copy-of-IVIN-567-FACHADA-2.jpg","thumbnail_image_url":"https:\/\/dev.egt.com.co\/ivin_elementor\/wp-content\/uploads\/2025\/01\/Copy-of-IVIN-567-FACHADA-2-150x150.jpg","large_srcset":"https:\/\/dev.egt.com.co\/ivin_elementor\/wp-content\/uploads\/2025\/01\/Copy-of-IVIN-567-FACHADA-2.jpg 809w, https:\/\/dev.egt.com.co\/ivin_elementor\/wp-content\/uploads\/2025\/01\/Copy-of-IVIN-567-FACHADA-2-237x300.jpg 237w, https:\/\/dev.egt.com.co\/ivin_elementor\/wp-content\/uploads\/2025\/01\/Copy-of-IVIN-567-FACHADA-2-768x972.jpg 768w, https:\/\/dev.egt.com.co\/ivin_elementor\/wp-content\/uploads\/2025\/01\/Copy-of-IVIN-567-FACHADA-2-600x759.jpg 600w","medium_srcset":"https:\/\/dev.egt.com.co\/ivin_elementor\/wp-content\/uploads\/2025\/01\/Copy-of-IVIN-567-FACHADA-2-237x300.jpg 237w, https:\/\/dev.egt.com.co\/ivin_elementor\/wp-content\/uploads\/2025\/01\/Copy-of-IVIN-567-FACHADA-2-768x972.jpg 768w, https:\/\/dev.egt.com.co\/ivin_elementor\/wp-content\/uploads\/2025\/01\/Copy-of-IVIN-567-FACHADA-2-600x759.jpg 600w, https:\/\/dev.egt.com.co\/ivin_elementor\/wp-content\/uploads\/2025\/01\/Copy-of-IVIN-567-FACHADA-2.jpg 809w","media_details":{"width":809,"height":1024,"sizes":{"medium":{"file":"Copy-of-IVIN-567-FACHADA-2-237x300.jpg","width":237,"height":300,"mime-type":"image\/jpeg","filesize":17035,"source_url":"https:\/\/dev.egt.com.co\/ivin_elementor\/wp-content\/uploads\/2025\/01\/Copy-of-IVIN-567-FACHADA-2-237x300.jpg"},"thumbnail":{"file":"Copy-of-IVIN-567-FACHADA-2-150x150.jpg","width":150,"height":150,"mime-type":"image\/jpeg","filesize":6671,"source_url":"https:\/\/dev.egt.com.co\/ivin_elementor\/wp-content\/uploads\/2025\/01\/Copy-of-IVIN-567-FACHADA-2-150x150.jpg"},"medium_large":{"file":"Copy-of-IVIN-567-FACHADA-2-768x972.jpg","width":768,"height":972,"mime-type":"image\/jpeg","filesize":124829,"source_url":"https:\/\/dev.egt.com.co\/ivin_elementor\/wp-content\/uploads\/2025\/01\/Copy-of-IVIN-567-FACHADA-2-768x972.jpg"},"woocommerce_thumbnail":{"file":"Copy-of-IVIN-567-FACHADA-2-300x300.jpg","width":300,"height":300,"mime-type":"image\/jpeg","filesize":21233,"uncropped":false,"source_url":"https:\/\/dev.egt.com.co\/ivin_elementor\/wp-content\/uploads\/2025\/01\/Copy-of-IVIN-567-FACHADA-2-300x300.jpg"},"woocommerce_single":{"file":"Copy-of-IVIN-567-FACHADA-2-600x759.jpg","width":600,"height":759,"mime-type":"image\/jpeg","filesize":82447,"source_url":"https:\/\/dev.egt.com.co\/ivin_elementor\/wp-content\/uploads\/2025\/01\/Copy-of-IVIN-567-FACHADA-2-600x759.jpg"},"woocommerce_gallery_thumbnail":{"file":"Copy-of-IVIN-567-FACHADA-2-100x100.jpg","width":100,"height":100,"mime-type":"image\/jpeg","filesize":3492,"source_url":"https:\/\/dev.egt.com.co\/ivin_elementor\/wp-content\/uploads\/2025\/01\/Copy-of-IVIN-567-FACHADA-2-100x100.jpg"}}},"alt_text":"","url":"","target":""},{"id":2159,"title":"Copy of IVIN 567 - LOOK & FEEL","caption":"","full_image_url":"https:\/\/dev.egt.com.co\/ivin_elementor\/wp-content\/uploads\/2025\/01\/Copy-of-IVIN-567-LOOK-FEEL.jpg","thumbnail_image_url":"https:\/\/dev.egt.com.co\/ivin_elementor\/wp-content\/uploads\/2025\/01\/Copy-of-IVIN-567-LOOK-FEEL-150x150.jpg","large_srcset":"https:\/\/dev.egt.com.co\/ivin_elementor\/wp-content\/uploads\/2025\/01\/Copy-of-IVIN-567-LOOK-FEEL-1024x768.jpg 1024w, https:\/\/dev.egt.com.co\/ivin_elementor\/wp-content\/uploads\/2025\/01\/Copy-of-IVIN-567-LOOK-FEEL-300x225.jpg 300w, https:\/\/dev.egt.com.co\/ivin_elementor\/wp-content\/uploads\/2025\/01\/Copy-of-IVIN-567-LOOK-FEEL-768x576.jpg 768w, https:\/\/dev.egt.com.co\/ivin_elementor\/wp-content\/uploads\/2025\/01\/Copy-of-IVIN-567-LOOK-FEEL-1536x1152.jpg 1536w, https:\/\/dev.egt.com.co\/ivin_elementor\/wp-content\/uploads\/2025\/01\/Copy-of-IVIN-567-LOOK-FEEL-600x450.jpg 600w, https:\/\/dev.egt.com.co\/ivin_elementor\/wp-content\/uploads\/2025\/01\/Copy-of-IVIN-567-LOOK-FEEL.jpg 1600w","medium_srcset":"https:\/\/dev.egt.com.co\/ivin_elementor\/wp-content\/uploads\/2025\/01\/Copy-of-IVIN-567-LOOK-FEEL-300x225.jpg 300w, https:\/\/dev.egt.com.co\/ivin_elementor\/wp-content\/uploads\/2025\/01\/Copy-of-IVIN-567-LOOK-FEEL-1024x768.jpg 1024w, https:\/\/dev.egt.com.co\/ivin_elementor\/wp-content\/uploads\/2025\/01\/Copy-of-IVIN-567-LOOK-FEEL-768x576.jpg 768w, https:\/\/dev.egt.com.co\/ivin_elementor\/wp-content\/uploads\/2025\/01\/Copy-of-IVIN-567-LOOK-FEEL-1536x1152.jpg 1536w, https:\/\/dev.egt.com.co\/ivin_elementor\/wp-content\/uploads\/2025\/01\/Copy-of-IVIN-567-LOOK-FEEL-600x450.jpg 600w, https:\/\/dev.egt.com.co\/ivin_elementor\/wp-content\/uploads\/2025\/01\/Copy-of-IVIN-567-LOOK-FEEL.jpg 1600w","media_details":{"width":1600,"height":1200,"sizes":{"medium":{"file":"Copy-of-IVIN-567-LOOK-FEEL-300x225.jpg","width":300,"height":225,"mime-type":"image\/jpeg","filesize":20088,"source_url":"https:\/\/dev.egt.com.co\/ivin_elementor\/wp-content\/uploads\/2025\/01\/Copy-of-IVIN-567-LOOK-FEEL-300x225.jpg"},"large":{"file":"Copy-of-IVIN-567-LOOK-FEEL-1024x768.jpg","width":1024,"height":768,"mime-type":"image\/jpeg","filesize":155893,"source_url":"https:\/\/dev.egt.com.co\/ivin_elementor\/wp-content\/uploads\/2025\/01\/Copy-of-IVIN-567-LOOK-FEEL-1024x768.jpg"},"thumbnail":{"file":"Copy-of-IVIN-567-LOOK-FEEL-150x150.jpg","width":150,"height":150,"mime-type":"image\/jpeg","filesize":7789,"source_url":"https:\/\/dev.egt.com.co\/ivin_elementor\/wp-content\/uploads\/2025\/01\/Copy-of-IVIN-567-LOOK-FEEL-150x150.jpg"},"medium_large":{"file":"Copy-of-IVIN-567-LOOK-FEEL-768x576.jpg","width":768,"height":576,"mime-type":"image\/jpeg","filesize":94195,"source_url":"https:\/\/dev.egt.com.co\/ivin_elementor\/wp-content\/uploads\/2025\/01\/Copy-of-IVIN-567-LOOK-FEEL-768x576.jpg"},"1536x1536":{"file":"Copy-of-IVIN-567-LOOK-FEEL-1536x1152.jpg","width":1536,"height":1152,"mime-type":"image\/jpeg","filesize":317939,"source_url":"https:\/\/dev.egt.com.co\/ivin_elementor\/wp-content\/uploads\/2025\/01\/Copy-of-IVIN-567-LOOK-FEEL-1536x1152.jpg"},"woocommerce_thumbnail":{"file":"Copy-of-IVIN-567-LOOK-FEEL-300x300.jpg","width":300,"height":300,"mime-type":"image\/jpeg","filesize":23846,"uncropped":false,"source_url":"https:\/\/dev.egt.com.co\/ivin_elementor\/wp-content\/uploads\/2025\/01\/Copy-of-IVIN-567-LOOK-FEEL-300x300.jpg"},"woocommerce_single":{"file":"Copy-of-IVIN-567-LOOK-FEEL-600x450.jpg","width":600,"height":450,"mime-type":"image\/jpeg","filesize":62320,"source_url":"https:\/\/dev.egt.com.co\/ivin_elementor\/wp-content\/uploads\/2025\/01\/Copy-of-IVIN-567-LOOK-FEEL-600x450.jpg"},"woocommerce_gallery_thumbnail":{"file":"Copy-of-IVIN-567-LOOK-FEEL-100x100.jpg","width":100,"height":100,"mime-type":"image\/jpeg","filesize":4273,"source_url":"https:\/\/dev.egt.com.co\/ivin_elementor\/wp-content\/uploads\/2025\/01\/Copy-of-IVIN-567-LOOK-FEEL-100x100.jpg"}}},"alt_text":"","url":"","target":""},{"id":2158,"title":"Copy of IVIN 567 - AXO","caption":"","full_image_url":"https:\/\/dev.egt.com.co\/ivin_elementor\/wp-content\/uploads\/2025\/01\/Copy-of-IVIN-567-AXO.jpg","thumbnail_image_url":"https:\/\/dev.egt.com.co\/ivin_elementor\/wp-content\/uploads\/2025\/01\/Copy-of-IVIN-567-AXO-150x150.jpg","large_srcset":"https:\/\/dev.egt.com.co\/ivin_elementor\/wp-content\/uploads\/2025\/01\/Copy-of-IVIN-567-AXO-1024x768.jpg 1024w, https:\/\/dev.egt.com.co\/ivin_elementor\/wp-content\/uploads\/2025\/01\/Copy-of-IVIN-567-AXO-300x225.jpg 300w, https:\/\/dev.egt.com.co\/ivin_elementor\/wp-content\/uploads\/2025\/01\/Copy-of-IVIN-567-AXO-768x576.jpg 768w, https:\/\/dev.egt.com.co\/ivin_elementor\/wp-content\/uploads\/2025\/01\/Copy-of-IVIN-567-AXO-1536x1152.jpg 1536w, https:\/\/dev.egt.com.co\/ivin_elementor\/wp-content\/uploads\/2025\/01\/Copy-of-IVIN-567-AXO-600x450.jpg 600w, https:\/\/dev.egt.com.co\/ivin_elementor\/wp-content\/uploads\/2025\/01\/Copy-of-IVIN-567-AXO.jpg 1600w","medium_srcset":"https:\/\/dev.egt.com.co\/ivin_elementor\/wp-content\/uploads\/2025\/01\/Copy-of-IVIN-567-AXO-300x225.jpg 300w, https:\/\/dev.egt.com.co\/ivin_elementor\/wp-content\/uploads\/2025\/01\/Copy-of-IVIN-567-AXO-1024x768.jpg 1024w, https:\/\/dev.egt.com.co\/ivin_elementor\/wp-content\/uploads\/2025\/01\/Copy-of-IVIN-567-AXO-768x576.jpg 768w, https:\/\/dev.egt.com.co\/ivin_elementor\/wp-content\/uploads\/2025\/01\/Copy-of-IVIN-567-AXO-1536x1152.jpg 1536w, https:\/\/dev.egt.com.co\/ivin_elementor\/wp-content\/uploads\/2025\/01\/Copy-of-IVIN-567-AXO-600x450.jpg 600w, https:\/\/dev.egt.com.co\/ivin_elementor\/wp-content\/uploads\/2025\/01\/Copy-of-IVIN-567-AXO.jpg 1600w","media_details":{"width":1600,"height":1200,"sizes":{"medium":{"file":"Copy-of-IVIN-567-AXO-300x225.jpg","width":300,"height":225,"mime-type":"image\/jpeg","filesize":13392,"source_url":"https:\/\/dev.egt.com.co\/ivin_elementor\/wp-content\/uploads\/2025\/01\/Copy-of-IVIN-567-AXO-300x225.jpg"},"large":{"file":"Copy-of-IVIN-567-AXO-1024x768.jpg","width":1024,"height":768,"mime-type":"image\/jpeg","filesize":90195,"source_url":"https:\/\/dev.egt.com.co\/ivin_elementor\/wp-content\/uploads\/2025\/01\/Copy-of-IVIN-567-AXO-1024x768.jpg"},"thumbnail":{"file":"Copy-of-IVIN-567-AXO-150x150.jpg","width":150,"height":150,"mime-type":"image\/jpeg","filesize":6718,"source_url":"https:\/\/dev.egt.com.co\/ivin_elementor\/wp-content\/uploads\/2025\/01\/Copy-of-IVIN-567-AXO-150x150.jpg"},"medium_large":{"file":"Copy-of-IVIN-567-AXO-768x576.jpg","width":768,"height":576,"mime-type":"image\/jpeg","filesize":57378,"source_url":"https:\/\/dev.egt.com.co\/ivin_elementor\/wp-content\/uploads\/2025\/01\/Copy-of-IVIN-567-AXO-768x576.jpg"},"1536x1536":{"file":"Copy-of-IVIN-567-AXO-1536x1152.jpg","width":1536,"height":1152,"mime-type":"image\/jpeg","filesize":168261,"source_url":"https:\/\/dev.egt.com.co\/ivin_elementor\/wp-content\/uploads\/2025\/01\/Copy-of-IVIN-567-AXO-1536x1152.jpg"},"woocommerce_thumbnail":{"file":"Copy-of-IVIN-567-AXO-300x300.jpg","width":300,"height":300,"mime-type":"image\/jpeg","filesize":19778,"uncropped":false,"source_url":"https:\/\/dev.egt.com.co\/ivin_elementor\/wp-content\/uploads\/2025\/01\/Copy-of-IVIN-567-AXO-300x300.jpg"},"woocommerce_single":{"file":"Copy-of-IVIN-567-AXO-600x450.jpg","width":600,"height":450,"mime-type":"image\/jpeg","filesize":39368,"source_url":"https:\/\/dev.egt.com.co\/ivin_elementor\/wp-content\/uploads\/2025\/01\/Copy-of-IVIN-567-AXO-600x450.jpg"},"woocommerce_gallery_thumbnail":{"file":"Copy-of-IVIN-567-AXO-100x100.jpg","width":100,"height":100,"mime-type":"image\/jpeg","filesize":3640,"source_url":"https:\/\/dev.egt.com.co\/ivin_elementor\/wp-content\/uploads\/2025\/01\/Copy-of-IVIN-567-AXO-100x100.jpg"}}},"alt_text":"","url":"","target":""},{"id":2157,"title":"Copy of IVIN 567 - APTO TIPO FINAL","caption":"","full_image_url":"https:\/\/dev.egt.com.co\/ivin_elementor\/wp-content\/uploads\/2025\/01\/Copy-of-IVIN-567-APTO-TIPO-FINAL.jpg","thumbnail_image_url":"https:\/\/dev.egt.com.co\/ivin_elementor\/wp-content\/uploads\/2025\/01\/Copy-of-IVIN-567-APTO-TIPO-FINAL-150x150.jpg","large_srcset":"https:\/\/dev.egt.com.co\/ivin_elementor\/wp-content\/uploads\/2025\/01\/Copy-of-IVIN-567-APTO-TIPO-FINAL-663x1024.jpg 663w, https:\/\/dev.egt.com.co\/ivin_elementor\/wp-content\/uploads\/2025\/01\/Copy-of-IVIN-567-APTO-TIPO-FINAL-194x300.jpg 194w, https:\/\/dev.egt.com.co\/ivin_elementor\/wp-content\/uploads\/2025\/01\/Copy-of-IVIN-567-APTO-TIPO-FINAL-768x1187.jpg 768w, https:\/\/dev.egt.com.co\/ivin_elementor\/wp-content\/uploads\/2025\/01\/Copy-of-IVIN-567-APTO-TIPO-FINAL-994x1536.jpg 994w, https:\/\/dev.egt.com.co\/ivin_elementor\/wp-content\/uploads\/2025\/01\/Copy-of-IVIN-567-APTO-TIPO-FINAL-600x927.jpg 600w, https:\/\/dev.egt.com.co\/ivin_elementor\/wp-content\/uploads\/2025\/01\/Copy-of-IVIN-567-APTO-TIPO-FINAL.jpg 1000w","medium_srcset":"https:\/\/dev.egt.com.co\/ivin_elementor\/wp-content\/uploads\/2025\/01\/Copy-of-IVIN-567-APTO-TIPO-FINAL-194x300.jpg 194w, https:\/\/dev.egt.com.co\/ivin_elementor\/wp-content\/uploads\/2025\/01\/Copy-of-IVIN-567-APTO-TIPO-FINAL-663x1024.jpg 663w, https:\/\/dev.egt.com.co\/ivin_elementor\/wp-content\/uploads\/2025\/01\/Copy-of-IVIN-567-APTO-TIPO-FINAL-768x1187.jpg 768w, https:\/\/dev.egt.com.co\/ivin_elementor\/wp-content\/uploads\/2025\/01\/Copy-of-IVIN-567-APTO-TIPO-FINAL-994x1536.jpg 994w, https:\/\/dev.egt.com.co\/ivin_elementor\/wp-content\/uploads\/2025\/01\/Copy-of-IVIN-567-APTO-TIPO-FINAL-600x927.jpg 600w, https:\/\/dev.egt.com.co\/ivin_elementor\/wp-content\/uploads\/2025\/01\/Copy-of-IVIN-567-APTO-TIPO-FINAL.jpg 1000w","media_details":{"width":1000,"height":1545,"sizes":{"medium":{"file":"Copy-of-IVIN-567-APTO-TIPO-FINAL-194x300.jpg","width":194,"height":300,"mime-type":"image\/jpeg","filesize":7795,"source_url":"https:\/\/dev.egt.com.co\/ivin_elementor\/wp-content\/uploads\/2025\/01\/Copy-of-IVIN-567-APTO-TIPO-FINAL-194x300.jpg"},"large":{"file":"Copy-of-IVIN-567-APTO-TIPO-FINAL-663x1024.jpg","width":663,"height":1024,"mime-type":"image\/jpeg","filesize":45711,"source_url":"https:\/\/dev.egt.com.co\/ivin_elementor\/wp-content\/uploads\/2025\/01\/Copy-of-IVIN-567-APTO-TIPO-FINAL-663x1024.jpg"},"thumbnail":{"file":"Copy-of-IVIN-567-APTO-TIPO-FINAL-150x150.jpg","width":150,"height":150,"mime-type":"image\/jpeg","filesize":3915,"source_url":"https:\/\/dev.egt.com.co\/ivin_elementor\/wp-content\/uploads\/2025\/01\/Copy-of-IVIN-567-APTO-TIPO-FINAL-150x150.jpg"},"medium_large":{"file":"Copy-of-IVIN-567-APTO-TIPO-FINAL-768x1187.jpg","width":768,"height":1187,"mime-type":"image\/jpeg","filesize":58448,"source_url":"https:\/\/dev.egt.com.co\/ivin_elementor\/wp-content\/uploads\/2025\/01\/Copy-of-IVIN-567-APTO-TIPO-FINAL-768x1187.jpg"},"1536x1536":{"file":"Copy-of-IVIN-567-APTO-TIPO-FINAL-994x1536.jpg","width":994,"height":1536,"mime-type":"image\/jpeg","filesize":86379,"source_url":"https:\/\/dev.egt.com.co\/ivin_elementor\/wp-content\/uploads\/2025\/01\/Copy-of-IVIN-567-APTO-TIPO-FINAL-994x1536.jpg"},"woocommerce_thumbnail":{"file":"Copy-of-IVIN-567-APTO-TIPO-FINAL-300x300.jpg","width":300,"height":300,"mime-type":"image\/jpeg","filesize":10591,"uncropped":false,"source_url":"https:\/\/dev.egt.com.co\/ivin_elementor\/wp-content\/uploads\/2025\/01\/Copy-of-IVIN-567-APTO-TIPO-FINAL-300x300.jpg"},"woocommerce_single":{"file":"Copy-of-IVIN-567-APTO-TIPO-FINAL-600x927.jpg","width":600,"height":927,"mime-type":"image\/jpeg","filesize":39898,"source_url":"https:\/\/dev.egt.com.co\/ivin_elementor\/wp-content\/uploads\/2025\/01\/Copy-of-IVIN-567-APTO-TIPO-FINAL-600x927.jpg"},"woocommerce_gallery_thumbnail":{"file":"Copy-of-IVIN-567-APTO-TIPO-FINAL-100x100.jpg","width":100,"height":100,"mime-type":"image\/jpeg","filesize":2332,"source_url":"https:\/\/dev.egt.com.co\/ivin_elementor\/wp-content\/uploads\/2025\/01\/Copy-of-IVIN-567-APTO-TIPO-FINAL-100x100.jpg"}}},"alt_text":"","url":"","target":""}]]}},"_links":{"self":[{"href":"https:\/\/dev.egt.com.co\/ivin_elementor\/wp-json\/wp\/v2\/product\/361","targetHints":{"allow":["GET"]}}],"collection":[{"href":"https:\/\/dev.egt.com.co\/ivin_elementor\/wp-json\/wp\/v2\/product"}],"about":[{"href":"https:\/\/dev.egt.com.co\/ivin_elementor\/wp-json\/wp\/v2\/types\/product"}],"version-history":[{"count":18,"href":"https:\/\/dev.egt.com.co\/ivin_elementor\/wp-json\/wp\/v2\/product\/361\/revisions"}],"predecessor-version":[{"id":2403,"href":"https:\/\/dev.egt.com.co\/ivin_elementor\/wp-json\/wp\/v2\/product\/361\/revisions\/2403"}],"wp:featuredmedia":[{"embeddable":true,"href":"https:\/\/dev.egt.com.co\/ivin_elementor\/wp-json\/wp\/v2\/media\/534"}],"wp:attachment":[{"href":"https:\/\/dev.egt.com.co\/ivin_elementor\/wp-json\/wp\/v2\/media?parent=361"}],"wp:term":[{"taxonomy":"product_brand","embeddable":true,"href":"https:\/\/dev.egt.com.co\/ivin_elementor\/wp-json\/wp\/v2\/product_brand?post=361"},{"taxonomy":"product_cat","embeddable":true,"href":"https:\/\/dev.egt.com.co\/ivin_elementor\/wp-json\/wp\/v2\/product_cat?post=361"},{"taxonomy":"product_tag","embeddable":true,"href":"https:\/\/dev.egt.com.co\/ivin_elementor\/wp-json\/wp\/v2\/product_tag?post=361"}],"curies":[{"name":"wp","href":"https:\/\/api.w.org\/{rel}","templated":true}]}}